
86
Calculate the highest common divisor of 52 and 45825988.
52
Calculate the greatest common factor of 336 and 6446188.
28
What is the highest common divisor of 4277514 and 248882?
2326
Calculate the greatest common factor of 6069 and 2928639.
21
Calculate the greatest common factor of 1384874 and 1676070.
3386
What is the highest common factor of 201374495 and 70?
35
What is the highest common divisor of 1257 and 786463?
419
What is the greatest common factor of 31009 and 28765?
11
What is the highest common factor of 36864 and 1206528?
768
Calculate the highest common divisor of 19332672 and 96.
96
Calculate the highest common factor of 986114 and 1860826.
4126
Calculate the greatest common factor of 1076 and 65594036.
1076
Calculate the greatest common divisor of 2344644 and 4740.
12
What is the highest common factor of 475 and 126953630?
95
Calculate the greatest common factor of 474 and 76156.
158
Calculate the greatest common factor of 615791 and 2546192.
6919
Calculate the highest common factor of 66300 and 2743.
13
What is the highest common factor of 1932 and 605257926?
966
What is the greatest common divisor of 17856 and 63792?
144
What is the greatest common factor of 37 and 47470630?
37
Calculate the highest common divisor of 5286 and 60741426.
5286
What is the greatest common divisor of 6404 and 32664?
4
Calculate the highest common factor of 9982 and 129053.
713
What is the greatest common factor of 43910120 and 1480?
1480
Calculate the highest common divisor of 5850075 and 370758.
3039
What is the highest common divisor of 26473805 and 2415?
115
What is the highest common factor of 3319134 and 574?
14
Calculate the greatest common factor of 174 and 32355039.
87
What is the highest common factor of 728295 and 690?
345
What is the greatest common divisor of 7543515 and 140?
35
Calculate the highest common factor of 133620 and 240652.
68
Calculate the greatest common factor of 891904 and 46163.
871
What is the greatest common divisor of 10575670 and 2175250?
7910
Calculate the highest common factor of 38709042 and 1992.
498
Calculate the greatest common factor of 164435190 and 60.
30
What is the greatest common factor of 272 and 5716930?
34
Calculate the highest common divisor of 5540928 and 132.
12
What is the highest common divisor of 4165 and 10946810?
595
Calculate the highest common factor of 7783865 and 6.
1
What is the highest common factor of 5711954 and 160?
2
Calculate the highest common factor of 236 and 3179923.
59
What is the highest common divisor of 136468134 and 90?
18
Calculate the highest common divisor of 26040 and 93905.
35
Calculate the highest common divisor of 12282787 and 355.
71
Calculate the highest common divisor of 3 and 42657579.
3
Calculate the highest common factor of 27904330 and 10142.
922
Calculate the highest common factor of 3171841 and 60743.
2641
What is the highest common factor of 1980968 and 121?
11
What is the greatest common divisor of 35820205 and 4390?
2195
What is the greatest common divisor of 32439 and 1634729?
983
What is the greatest common divisor of 4615408 and 4118?
58
Calculate the greatest common divisor of 331116 and 117711.
123
Calculate the greatest common factor of 3883563 and 648.
9
Calculate the highest common divisor of 2915 and 225233305.
2915
Calculate the highest common divisor of 701233 and 34.
17
What is the highest common divisor of 6396859 and 2037?
679
Calculate the greatest common factor of 724518 and 35730.
18
Calculate the greatest common factor of 98261 and 9002531.
1013
Calculate the greatest common divisor of 156 and 49868.
52
What is the greatest common divisor of 34088 and 275473650?
8522
What is the greatest common divisor of 1620 and 14279145?
15
What is the highest common divisor of 161706072 and 22?
22
What is the highest common divisor of 125590080 and 770?
770
What is the highest common factor of 1119335 and 980?
35
Calculate the greatest common divisor of 2867 and 11056555.
61
Calculate the greatest common factor of 61795 and 1205215.
85
Calculate the highest common divisor of 7459026 and 138.
6
What is the highest common factor of 1287 and 31288?
1
What is the highest common divisor of 423391 and 703?
37
What is the highest common factor of 1929863 and 2639?
377
What is the highest common factor of 917 and 274855?
7
What is the greatest common divisor of 1929894454 and 61?
61
What is the greatest common divisor of 8995 and 1776635?
35
Calculate the highest common divisor of 2180 and 1240820.
20
What is the highest common divisor of 1657376 and 735?
49
Calculate the greatest common divisor of 7808 and 25426048.
128
Calculate the highest common factor of 90 and 10065210.
30
Calculate the highest common divisor of 11176 and 1164768.
88
Calculate the greatest common factor of 43857265 and 1259.
1259
Calculate the greatest common divisor of 72288 and 34928.
16
What is the greatest common factor of 1937 and 17940494?
1937
What is the highest common divisor of 43373 and 9790?
11
Calculate the highest common factor of 18037758 and 8358.
1194
Calculate the greatest common divisor of 2782137 and 12300.
123
What is the highest common factor of 704 and 117340096?
64
What is the highest common divisor of 5479775 and 7785?
865
What is the highest common divisor of 6306 and 12840?
6
Calculate the highest common factor of 64 and 1013825552.
16
Calculate the highest common divisor of 47646 and 701455.
2647
What is the greatest common factor of 22620 and 2523812?
116
What is the highest common factor of 1830871 and 15799?
259
What is the greatest common factor of 4179305 and 2526680?
7345
What is the highest common factor of 328286 and 111874?
1834
Calculate the greatest common factor of 300429 and 22591519.
3709
What is the greatest common factor of 28 and 9420726?
14
What is the greatest common factor of 41115948 and 3444?
492
What is the highest common divisor of 229241126 and 1030?
206
What is the greatest common divisor of 2195630 and 306605?
445
Calculate the highest common factor of 508921046 and 534.
178
Calculate the highest common divisor of 17738907 and 501.
501
What is the greatest common divisor of 6588344 and 406?
14
Calculate the highest common divisor of 68969 and 152303.
17
Calculate the highest common factor of 124 and 303374308.
124
What is the greatest common divisor of 2141 and 5316233601?
2141
Calculate the highest common divisor of 42600 and 322482.
426
Calculate the greatest common factor of 1178463 and 7293.
429
Calculate the highest common factor of 32912928 and 480.
96
What is the highest common factor of 753816 and 254604?
588
Calculate the highest common divisor of 23876 and 15914012.
188
Calculate the greatest common divisor of 43033954 and 13479.
4493
What is the greatest common divisor of 1508 and 15488668?
1508
What is the greatest common factor of 140 and 9506540?
20
What is the greatest common divisor of 1812 and 5293003?
151
What is the highest common divisor of 152 and 792320?
8
Calculate the greatest common factor of 36984541 and 1345.
269
Calculate the highest common divisor of 78 and 36809760.
78
What is the greatest common factor of 94940 and 2515?
5
What is the greatest common divisor of 512067 and 96?
3
What is the greatest common divisor of 371920 and 274880?
80
What is the greatest common factor of 10686 and 140504871?
5343
What is the highest common divisor of 14796937 and 158?
79
Calculate the highest common divisor of 364 and 2294292.
364
Calculate the greatest common factor of 117477 and 19791783.
6183
What is the highest common factor of 182072 and 4477?
11
What is the greatest common factor of 724176 and 2675?
107
Calculate the greatest common factor of 242515 and 2639.
91
Calculate the highest common divisor of 13112658 and 1209.
39
Calculate the greatest common factor of 675 and 10095390.
45
What is the greatest common factor of 451633665 and 420?
105
Calculate the greatest common divisor of 226727 and 1539.
19
What is the highest common factor of 19543096 and 16549?
1273
Calculate the greatest common factor of 11184 and 4192602.
1398
Calculate the greatest common divisor of 134 and 125162030.
134
What is the highest common factor of 2741540 and 40?
20
What is the highest common factor of 30452 and 33096359